 divided by 220?
113
What is the remainder when 10009 is divided by 9?
1
What is the remainder when 20928 is divided by 85?
18
Calculate the remainder when 611 is divided by 51.
50
What is the remainder when 42677 is divided by 126?
89
What is the remainder when 2293 is divided by 164?
161
What is the remainder when 37742 is divided by 132?
122
What is the remainder when 16509 is divided by 118?
107
What is the remainder when 5384 is divided by 10?
4
What is the remainder when 115461 is divided by 115447?
14
What is the remainder when 40709 is divided by 656?
37
What is the remainder when 22731 is divided by 5640?
171
Calculate the remainder when 13218 is divided by 1014.
36
Calculate the remainder when 29043 is divided by 206.
203
Calculate the remainder when 106194 is divided by 13.
10
What is the remainder when 2252281 is divided by 203?
199
What is the remainder when 122817 is divided by 624?
513
What is the remainder when 1177 is divided by 336?
169
What is the remainder when 411096 is divided by 21?
0
What is the remainder when 61433 is divided by 11?
9
Calculate the remainder when 82536 is divided by 81.
78
What is the remainder when 8555 is divided by 2814?
113
Calculate the remainder when 183220 is divided by 61071.
7
What is the remainder when 8813 is divided by 4351?
111
What is the remainder when 2662 is divided by 685?
607
What is the remainder when 60505 is divided by 67?
4
Calculate the remainder when 35908 is divided by 1220.
528
Calculate the remainder when 7719 is divided by 6.
3
Calculate the remainder when 48306 is divided by 384.
306
What is the remainder when 307 is divided by 215?
92
Calculate the remainder when 5742 is divided by 256.
110
What is the remainder when 3879 is divided by 702?
369
Calculate the remainder when 790 is divided by 164.
134
Calculate the remainder when 114689 is divided by 1571.
6
Calculate the remainder when 2065 is divided by 786.
493
Calculate the remainder when 8138 is divided by 116.
18
Calculate the remainder when 532216 is divided by 378.
370
What is the remainder when 3254 is divided by 35?
34
What is the remainder when 59570 is divided by 78?
56
Calculate the remainder when 3553 is divided by 26.
17
What is the remainder when 44707 is divided by 44651?
56
What is the remainder when 8408 is divided by 1194?
50
What is the remainder when 356 is divided by 219?
137
What is the remainder when 10130 is divided by 9850?
280
Calculate the remainder when 2740 is divided by 3.
1
Calculate the remainder when 4551 is divided by 105.
36
Calculate the remainder when 14195 is divided by 113.
70
What is the remainder when 14382 is divided by 171?
18
Calculate the remainder when 172830 is divided by 103.
99
Calculate the remainder when 10598 is divided by 2.
0
Calculate the remainder when 11624 is divided by 17.
13
What is the remainder when 3176 is divided by 266?
250
Calculate the remainder when 4234 is divided by 112.
90
Calculate the remainder when 83327 is divided by 10.
7
Calculate the remainder when 10859 is divided by 3607.
38
Calculate the remainder when 50632 is divided by 194.
192
What is the remainder when 13069 is divided by 1003?
30
What is the remainder when 68597 is divided by 686?
683
What is the remainder when 77518 is divided by 323?
321
Calculate the remainder when 2096 is divided by 20.
16
What is the remainder when 25646 is divided by 4262?
74
Calculate the remainder when 1231 is divided by 189.
97
What is the remainder when 6183645 is divided by 158?
157
What is the remainder when 42550 is divided by 14159?
73
What is the remainder when 2354 is divided by 130?
14
Calculate the remainder when 31510 is divided by 33.
28
What is the remainder when 5028 is divided by 1005?
3
What is the remainder when 13405 is divided by 434?
385
Calculate the remainder when 10572 is divided by 86.
80
Calculate the remainder when 6913 is divided by 6307.
606
What is the remainder when 58220 is divided by 17?
12
Calculate the remainder when 101187 is divided by 16861.
21
What is the remainder when 29402 is divided by 186?
14
What is the remainder when 21926 is divided by 18?
2
Calculate the remainder when 19552 is divided by 477.
472
What is the remainder when 2805149 is divided by 150?
149
What is the remainder when 407 is divided by 133?
8
What is the remainder when 8453 is divided by 4219?
15
What is the remainder when 2936068 is divided by 18?
16
What is the remainder when 96266 is divided by 143?
27
Calculate the remainder when 91732 is divided by 4368.
4
Calculate the remainder when 5296 is divided by 139.
14
What is the remainder when 57287 is divided by 444?
11
What is the remainder when 1149 is divided by 94?
21
What is the remainder when 77530 is divided by 156?
154
What is the remainder when 163435 is divided by 3?
1
Calculate the remainder when 1863214 is divided by 432.
430
What is the remainder when 15506 is divided by 316?
22
What is the remainder when 532 is divided by 154?
70
What is the remainder when 2777 is divided by 273?
47
Calculate the remainder when 55658 is divided by 19.
7
What is the remainder when 975917 is divided by 12?
5
Calculate the remainder when 2276 is divided by 1138.
0
What is the remainder when 5260203 is divided by 14?
11
What is the remainder when 6407 is divided by 6367?
40
Calculate the remainder when 1688310 is divided by 121.
118
Calculate the remainder when 171468 is divided by 191.
141
What is the remainder when 19776 is divided by 29?
27
Calculate the remainder when 1371 is divided by 76.
3
What is the remainder when 4048 is divided by 81?
79
What is the remainder when 19788 is divided by 44?
32
Calculate the remainder when 2671 is divided by 2615.
56
Calculate the remainder when 107579 is divided by 107542.
37
Calculate the remainder when 3963 is divided by 397.
390
Calculate the remainder when 18268 is divided by 5.
3
Calculate the remainder when 32226 is divided by 408.
402
What is the remainder when 20696 is divided by 30?
26
Calculate the remainder when 12683 is divided by 2842.
1315
Calculate the remainder when 1073 is divided by 331.
80
Calculate the remainder when 872 is divided by 669.
203
What is the remainder when 9659 is divided by 46?
45
What is the remainder when 46905 is divided by 23448?
9
What is the remainder when 19174 is divided by 75?
49
What is the remainder when 20849 is divided by 247?
101
What is the remainder when 2004 is divided by 153?
15
What is the remainder when 2326 is divided by 1631?
695
Calculate the remainder when 77383 is divided by 201.
199
What is the remainder when 302 is divided by 9?
5
What is the remainder when 10764207 is divided by 104?
103
Calculate the remainder when 664 is divided by 74.
72
What is the remainder when 1644687 is divided by 74758?
11
Calculate the remainder when 2497 is divided by 33.
22
What is the remainder when 28132 is divided by 297?
214
Calculate the remainder when 57041 is divided by 281.
279
Calculate the remainder when 47856 is divided by 9469.
511
Calculate the remainder when 45421 is divided by 5.
1
Calculate the remainder when 18049 is divided by 59.
54
Calculate the remainder when 99449 is divided by 166.
15
What is the remainder when 527525 is divided by 403?
401
Calculate the remainder when 395857 is divided by 131950.
7
What is the remainder when 390395 is divided by 118?
51
Calculate the remainder when 553 is divided by 389.
164
What is the remainder when 9466 is divided by 1889?
21
What is the remainder when 3229 is divided by 3216?
13
What is the remainder when 26270 is divided by 385?
90
Calculate the remainder when 2571 is divided by 2502.
69
Calculate the remainder when 8816 is divided by 473.
302
What is the remainder when 9372 is divided by 4669?
34
What is the remainder when 3359 is divided by 501?
353
What is the remainder when 837 is divided by 812?
25
What is the remainder when 51359 is divided by 1771?
0
What is the remainder when 1419 is divided by 13?
2
What is the remainder when 30140 is divided by 153?
152
Calculate the remainder when 8393 is divided by 4144.
105
Calculate the remainder when 4577 is divided by 931.
853
What is the remainder when 41974 is divided by 388?
70
Calculate the remainder when 21626 is divided by 471.
431
What is the remainder whe